{"id":275,"date":"2018-09-24T10:43:22","date_gmt":"2018-09-24T10:43:22","guid":{"rendered":"https:\/\/hotelbaron.al\/index.php\/bar-restaurant\/"},"modified":"2018-09-25T09:52:51","modified_gmt":"2018-09-25T09:52:51","slug":"bar-restaurant","status":"publish","type":"page","link":"https:\/\/hotelbaron.al\/index.php\/bar-restaurant\/?lang=fr","title":{"rendered":"Bar &#038; Restaurant"},"content":{"rendered":"<div class=\"wpb-content-wrapper\"><p>[vc_row][vc_column width=&#8221;1\/3&#8243; offset=&#8221;vc_hidden-xs&#8221;][vc_empty_space][vc_custom_heading text=&#8221;Bar &#8221; font_container=&#8221;tag:h2|font_size:50px|text_align:left|color:%233e3014&#8243; google_fonts=&#8221;font_family:Libre%20Baskerville%3Aregular%2Citalic%2C700|font_style:400%20regular%3A400%3Anormal&#8221;][vc_column_text]<\/p>\n<p style=\"color: #3e3014; font-size: 16px; text-align: left;\"><strong><span style=\"color: #d0a578;\">\u2666<\/span> VARI\u00c9T\u00c9 DE BOISSONS\u00a0<span style=\"color: #d0a578;\">\u2666<\/span><\/strong><\/p>\n<p>[\/vc_column_text][vc_column_text]<\/p>\n<p style=\"text-align: justify;\">Dans notre bar, vous pourrez prendre un verre avec vos amis ou votre famille. De plus, la musique live vous accompagnera dans une atmosph\u00e8re impressionnante et un environnement relaxant. Nous vous accueillons tous les jours pour passer des moments inoubliables au Baron Hotel.<\/p>\n<p>[\/vc_column_text][\/vc_column][vc_column width=&#8221;2\/3&#8243;][vc_single_image image=&#8221;148&#8243; img_size=&#8221;full&#8221; alignment=&#8221;right&#8221; image_hovers=&#8221;false&#8221;][\/vc_column][\/vc_row][vc_row][vc_column][vc_empty_space][\/vc_column][\/vc_row][vc_row][vc_column width=&#8221;2\/3&#8243;][vc_single_image image=&#8221;158&#8243; img_size=&#8221;full&#8221; image_hovers=&#8221;false&#8221;][\/vc_column][vc_column width=&#8221;1\/3&#8243; offset=&#8221;vc_hidden-xs&#8221;][vc_empty_space][vc_custom_heading text=&#8221;Restaurant &#8221; font_container=&#8221;tag:h2|font_size:50px|text_align:left|color:%233e3014&#8243; google_fonts=&#8221;font_family:Libre%20Baskerville%3Aregular%2Citalic%2C700|font_style:400%20regular%3A400%3Anormal&#8221;][vc_column_text]<\/p>\n<p style=\"color: #3e3014; font-size: 16px; text-align: left;\"><strong><span style=\"color: #d0a578;\">\u2666<\/span> NOTRE MENUS EXQUIS\u00a0<span style=\"color: #d0a578;\">\u2666<\/span><\/strong><\/p>\n<p>[\/vc_column_text][vc_column_text]<\/p>\n<p style=\"text-align: justify;\">Au Baron Hotel, vous sentirez l&#8217;atmosph\u00e8re familiale chaleureuse, en restant dans un environnement relaxant et en d\u00e9gustant de d\u00e9licieux repas. Des plats traditionnels et m\u00e9diterran\u00e9ens pr\u00e9par\u00e9s avec d\u00e9licatesse par notre chef rendront votre s\u00e9jour inoubliable.<\/p>\n<p>[\/vc_column_text][\/vc_column][\/vc_row]<\/p>\n<\/div>","protected":false},"excerpt":{"rendered":"<p>[vc_row][vc_column width=&#8221;1\/3&#8243; offset=&#8221;vc_hidden-xs&#8221;][vc_empty_space][vc_custom_heading text=&#8221;Bar &#8221; font_container=&#8221;tag:h2|font_size:50px|text_align:left|color:%233e3014&#8243; google_fonts=&#8221;font_family:Libre%20Baskerville%3Aregular%2Citalic%2C700|font_style:400%20regular%3A400%3Anormal&#8221;][vc_column_text] \u2666 VARI\u00c9T\u00c9 DE BOISSONS\u00a0\u2666 [\/vc_column_text][vc_column_text] Dans notre bar, vous pourrez prendre un verre avec vos amis ou votre famille. De plus, la musique live vous accompagnera dans une atmosph\u00e8re impressionnante et un environnement relaxant. Nous vous accueillons tous les jours pour passer des moments inoubliables au Baron Hotel.&hellip;<\/p>\n","protected":false},"author":2,"featured_media":0,"parent":0,"menu_order":0,"comment_status":"closed","ping_status":"closed","template":"","meta":{"footnotes":""},"class_list":["post-275","page","type-page","status-publish","hentry","description-off"],"_links":{"self":[{"href":"https:\/\/hotelbaron.al\/index.php\/wp-json\/wp\/v2\/pages\/275","targetHints":{"allow":["GET"]}}],"collection":[{"href":"https:\/\/hotelbaron.al\/index.php\/wp-json\/wp\/v2\/pages"}],"about":[{"href":"https:\/\/hotelbaron.al\/index.php\/wp-json\/wp\/v2\/types\/page"}],"author":[{"embeddable":true,"href":"https:\/\/hotelbaron.al\/index.php\/wp-json\/wp\/v2\/users\/2"}],"replies":[{"embeddable":true,"href":"https:\/\/hotelbaron.al\/index.php\/wp-json\/wp\/v2\/comments?post=275"}],"version-history":[{"count":2,"href":"https:\/\/hotelbaron.al\/index.php\/wp-json\/wp\/v2\/pages\/275\/revisions"}],"predecessor-version":[{"id":277,"href":"https:\/\/hotelbaron.al\/index.php\/wp-json\/wp\/v2\/pages\/275\/revisions\/277"}],"wp:attachment":[{"href":"https:\/\/hotelbaron.al\/index.php\/wp-json\/wp\/v2\/media?parent=275"}],"curies":[{"name":"wp","href":"https:\/\/api.w.org\/{rel}","templated":true}]}}