{"id":279,"date":"2018-09-24T10:43:22","date_gmt":"2018-09-24T10:43:22","guid":{"rendered":"https:\/\/hotelbaron.al\/index.php\/bar-restaurant\/"},"modified":"2018-09-25T09:56:28","modified_gmt":"2018-09-25T09:56:28","slug":"bar-restaurant","status":"publish","type":"page","link":"https:\/\/hotelbaron.al\/index.php\/bar-restaurant\/?lang=de","title":{"rendered":"Bar und Restaurant"},"content":{"rendered":"<div class=\"wpb-content-wrapper\"><p>[vc_row][vc_column width=&#8221;1\/3&#8243; offset=&#8221;vc_hidden-xs&#8221;][vc_empty_space][vc_custom_heading text=&#8221;Bar &#8221; font_container=&#8221;tag:h2|font_size:50px|text_align:left|color:%233e3014&#8243; google_fonts=&#8221;font_family:Libre%20Baskerville%3Aregular%2Citalic%2C700|font_style:400%20regular%3A400%3Anormal&#8221;][vc_column_text]<\/p>\n<p style=\"color: #3e3014; font-size: 16px; text-align: left;\"><strong><span style=\"color: #d0a578;\">\u2666<\/span> VIELFALT VON GETR\u00c4NKEN\u00a0<span style=\"color: #d0a578;\">\u2666<\/span><\/strong><\/p>\n<p>[\/vc_column_text][vc_column_text]<\/p>\n<p style=\"text-align: justify;\">In unserer Bar k\u00f6nnen Sie mit Ihren Freunden oder Ihrer Familie einen Drink genie\u00dfen. Live-Musik begleitet Sie auch f\u00fcr eine beeindruckende und eine entspannte Atmosph\u00e4re. Wir begr\u00fc\u00dfen Sie jeden Tag, um unvergessliche Momente im Baron Hotel zu verbringen.<\/p>\n<p>[\/vc_column_text][\/vc_column][vc_column width=&#8221;2\/3&#8243;][vc_single_image image=&#8221;148&#8243; img_size=&#8221;full&#8221; alignment=&#8221;right&#8221; image_hovers=&#8221;false&#8221;][\/vc_column][\/vc_row][vc_row][vc_column][vc_empty_space][\/vc_column][\/vc_row][vc_row][vc_column width=&#8221;2\/3&#8243;][vc_single_image image=&#8221;158&#8243; img_size=&#8221;full&#8221; image_hovers=&#8221;false&#8221;][\/vc_column][vc_column width=&#8221;1\/3&#8243; offset=&#8221;vc_hidden-xs&#8221;][vc_empty_space][vc_custom_heading text=&#8221;Restaurant &#8221; font_container=&#8221;tag:h2|font_size:50px|text_align:left|color:%233e3014&#8243; google_fonts=&#8221;font_family:Libre%20Baskerville%3Aregular%2Citalic%2C700|font_style:400%20regular%3A400%3Anormal&#8221;][vc_column_text]<\/p>\n<p style=\"color: #3e3014; font-size: 16px; text-align: left;\"><strong><span style=\"color: #d0a578;\">\u2666<\/span> UNSERE EXQUISITEN MEN\u00dcS\u00a0<span style=\"color: #d0a578;\">\u2666<\/span><\/strong><\/p>\n<p>[\/vc_column_text][vc_column_text]<\/p>\n<p style=\"text-align: justify;\">Im Baron Hotel werden Sie die warme famili\u00e4re Atmosph\u00e4re sp\u00fcren, sich in einer entspannten Umgebung aufhalten und k\u00f6stliche Mahlzeiten genie\u00dfen, die wir f\u00fcr Sie anbieten. Traditionelle und mediterrane Gerichte, die von unserem K\u00fcchenchef mit Delikatessen zubereitet werden, werden Ihren Aufenthalt unvergesslich machen.<\/p>\n<p>[\/vc_column_text][\/vc_column][\/vc_row]<\/p>\n<\/div>","protected":false},"excerpt":{"rendered":"<p>[vc_row][vc_column width=&#8221;1\/3&#8243; offset=&#8221;vc_hidden-xs&#8221;][vc_empty_space][vc_custom_heading text=&#8221;Bar &#8221; font_container=&#8221;tag:h2|font_size:50px|text_align:left|color:%233e3014&#8243; google_fonts=&#8221;font_family:Libre%20Baskerville%3Aregular%2Citalic%2C700|font_style:400%20regular%3A400%3Anormal&#8221;][vc_column_text] \u2666 VIELFALT VON GETR\u00c4NKEN\u00a0\u2666 [\/vc_column_text][vc_column_text] In unserer Bar k\u00f6nnen Sie mit Ihren Freunden oder Ihrer Familie einen Drink genie\u00dfen. Live-Musik begleitet Sie auch f\u00fcr eine beeindruckende und eine entspannte Atmosph\u00e4re. Wir begr\u00fc\u00dfen Sie jeden Tag, um unvergessliche Momente im Baron Hotel zu verbringen. [\/vc_column_text][\/vc_column][vc_column width=&#8221;2\/3&#8243;][vc_single_image image=&#8221;148&#8243; img_size=&#8221;full&#8221; alignment=&#8221;right&#8221;&hellip;<\/p>\n","protected":false},"author":2,"featured_media":0,"parent":0,"menu_order":0,"comment_status":"closed","ping_status":"closed","template":"","meta":{"footnotes":""},"class_list":["post-279","page","type-page","status-publish","hentry","description-off"],"_links":{"self":[{"href":"https:\/\/hotelbaron.al\/index.php\/wp-json\/wp\/v2\/pages\/279","targetHints":{"allow":["GET"]}}],"collection":[{"href":"https:\/\/hotelbaron.al\/index.php\/wp-json\/wp\/v2\/pages"}],"about":[{"href":"https:\/\/hotelbaron.al\/index.php\/wp-json\/wp\/v2\/types\/page"}],"author":[{"embeddable":true,"href":"https:\/\/hotelbaron.al\/index.php\/wp-json\/wp\/v2\/users\/2"}],"replies":[{"embeddable":true,"href":"https:\/\/hotelbaron.al\/index.php\/wp-json\/wp\/v2\/comments?post=279"}],"version-history":[{"count":2,"href":"https:\/\/hotelbaron.al\/index.php\/wp-json\/wp\/v2\/pages\/279\/revisions"}],"predecessor-version":[{"id":282,"href":"https:\/\/hotelbaron.al\/index.php\/wp-json\/wp\/v2\/pages\/279\/revisions\/282"}],"wp:attachment":[{"href":"https:\/\/hotelbaron.al\/index.php\/wp-json\/wp\/v2\/media?parent=279"}],"curies":[{"name":"wp","href":"https:\/\/api.w.org\/{rel}","templated":true}]}}